= -934*d + 353. Calculate v(0).
353
Let b(t) = -t**3 + 137*t**2 - 173*t - 64276. Determine b(132).
8
Let l(a) = -2*a**2 - 237*a + 5274. What is l(-137)?
205
Let r(t) = -t**3 - 5*t**2 - 194*t + 895. Calculate r(4).
-25
Let r(x) = x**2 + 184*x - 14892. Calculate r(-259).
4533
Let r(u) = -10*u**3 + 157*u**2 - 589*u - 8. What is r(8)?
208
Let h(q) = -5*q**2 - 97*q + 911. Give h(-29).
-481
Let d(b) = -1975*b + 618193. What is d(313)?
18
Let t(o) = -10306*o + 690511. Calculate t(67).
9
Let g(r) = 254134*r - 5336766. Calculate g(21).
48
Let k(y) = -3*y**3 + 92*y**2 - 151*y + 553. Give k(29).
379
Let b(i) = -52*i**2 + 3230*i - 9217. Give b(3).
5
Let u(v) = v**3 + 252*v**2 - 31*v - 7812. What is u(-252)?
0
Let d(m) = 573*m - 60286. Calculate d(109).
2171
Let m(n) = -67815*n - 813795. Give m(-12).
-15
Let w(h) = -2*h**3 - 41*h**2 - 515*h - 1590. Give w(-8).
930
Let p(l) = 3*l**3 - 139*l**2 - 1282*l + 170. What is p(-8)?
-6
Let y(t) = -t**3 - 40*t**2 + 617*t - 377. Determine y(-50).
-6227
Let r(w) = w**3 - 790*w**2 + 4799*w + 534025. What is r(783)?
19
Let d(t) = -2033*t - 459657. Give d(-226).
-199
Let t(d) = 38792*d - 1047141. Determine t(27).
243
Let n(p) = 44*p**2 - 2193*p + 7856. Calculate n(46).
82
Let i(p) = 1244*p - 685436. Give i(551).
8
Let k(f) = 69879*f + 69923. Give k(-1).
44
Let u(k) = k**3 + 6*k**2 - 35*k + 4039. Give u(-19).
11
Let n(t) = -t**2 - 148*t + 8427. Give n(44).
-21
Let o(i) = -1517*i + 98847. Calculate o(66).
-1275
Let n(o) = -5*o**2 + 767*o - 3304. What is n(149)?
-26
Let v(u) = -3580*u - 354425. Determine v(-99).
-5
Let h(d) = -6*d**2 - 1447*d - 3010. Give h(-240).
-1330
Let a(w) = -10275*w + 1274093. What is a(124)?
-7
Let v(l) = 5392*l + 75510. Determine v(-14).
22
Let i(h) = -h**3 - 24*h**2 + 31*h + 580. Determine i(-16).
-1964
Let d(x) = -2*x**3 - 22*x**2 + 59*x + 699. Determine d(-11).
50
Let l(a) = 4*a**3 + 409*a**2 + 3688*a - 22. Determine l(-10).
-2
Let r(l) = l**3 - 6*l**2 + 105*l - 850. Calculate r(9).
338
Let r(o) = -18025*o + 126273. What is r(7)?
98
Let g(u) = -160*u + 29668. Calculate g(182).
548
Let h(s) = 9*s**2 + 1920*s + 659. Calculate h(-213).
20
Let y(g) = 2174*g + 58690. Determine y(-27).
-8
Let g(f) = f**2 - 298*f + 21247. Give g(180).
7
Let b(q) = 1571*q - 110109. Calculate b(71).
1432
Let n(h) = -44*h + 219. Determine n(14).
-397
Let u(h) = -48*h + 3377. Calculate u(35).
1697
Let a(m) = -1781*m + 413221. Determine a(232).
29
Let u(x) = x**3 + 172*x**2 - 881*x + 302. Determine u(-177).
-406
Let b(z) = 13*z**2 - 3103*z + 15182. Calculate b(5).
-8
Let u(p) = 27219*p + 136094. Calculate u(-5).
-1
Let v(f) = f**2 + 28*f - 503. Calculate v(-61).
1510
Let w(p) = -76*p**2 - 666*p + 1896. Give w(-11).
26
Let f(s) = 1373*s**2 - 20*s + 37. Determine f(1).
1390
Let l(b) = 4*b**2 + 552*b + 7438. Calculate l(-15).
58
Let a(t) = -33472*t - 569016. What is a(-17)?
8
Let d(v) = -2704*v - 782. Calculate d(0).
-782
Let j(m) = m**2 + 1657*m + 118850. Calculate j(-75).
200
Let x(n) = -2*n**3 - 54*n**2 + 728*n + 54. Calculate x(10).
-66
Let y(z) = -2*z**3 - 264*z**2 - 6914*z - 276. Calculate y(-96).
-84
Let w(j) = -21*j**2 + 497*j - 1344. Determine w(3).
-42
Let w(v) = -29*v**2 - 23216*v + 46441. What is w(2)?
-107
Let x(b) = -124*b**2 - 416*b - 590. Calculate x(-2).
-254
Let n(t) = -13*t**2 - 517*t - 3360. Calculate n(-32).
-128
Let r(b) = 19*b**2 - 102*b + 146. What is r(2)?
18
Let n(h) = 872*h**3 + h**2 + 38*h + 36. Give n(-1).
-873
Let b(c) = 10*c**2 + 408*c + 5109. Calculate b(-23).
1015
Let n(c) = 834*c - 105129. Give n(126).
-45
Let c(g) = 6*g**2 + 206*g - 745. Give c(4).
175
Let v(b) = -22261*b - 600706. Give v(-27).
341
Let k(r) = 74745*r + 523224. Give k(-7).
9
Let p(z) = 46615*z + 4475038. Give p(-96).
-2
Let j(v) = 992*v + 91289. What is j(-92)?
25
Let r(x) = -15*x**3 - 11*x**2 + 100*x + 110. Give r(-1).
14
Let s(b) = b**2 + 39*b - 21607. Give s(130).
363
Let t(o) = 208*o + 5569. Determine t(-22).
993
Let u(b) = 23*b**2 - 581*b - 2347. Give u(29).
147
Let m(x) = -13846*x + 41549. Calculate m(3).
11
Let l(p) = -7*p**2 + 935*p - 382. Give l(133).
150
Let z(k) = 573932*k - 67723975. Determine z(118).
1
Let p(f) = 3286245*f - 3286248. Give p(1).
-3
Let g(r) = -1942*r + 46516. Calculate g(24).
-92
Let s(y) = -y**3 - 125*y**2 + 239*y + 1229. Give s(-127).
3134
Let d(t) = 4*t**2 + 6*t + 233. What is d(10)?
693
Let v(k) = -132455*k + 1589452. Give v(12).
-8
Let d(u) = 26*u**2 + 565*u + 2861. What is d(-8)?
5
Let w(z) = 3*z**3 + 311*z**2 + 206*z - 5. Determine w(-103).
-5
Let q(c) = 2198*c + 8573. Calculate q(-4).
-219
Let v(d) = -2857*d - 563015. Determine v(-197).
-186
Let d(w) = -63*w**2 - 178*w + 23721. Determine d(18).
105
Let d(c) = 506*c + 22089. Give d(-43).
331
Let k(n) = n**3 + 110*n**2 - 1478*n - 1717. Determine k(-122).
-9
Let i(r) = 138*r**2 - 23317*r - 860. Give i(169).
-15
Let r(o) = -12*o**2 + 1488*o - 1470. Give r(123).
6
Let n(f) = 115936*f - 347805. What is n(3)?
3
Let a(f) = 194*f + 5540. Give a(-27).
302
Let v(d) = -131566*d - 5657364. Determine v(-43).
-26
Let g(y) = -13*y**2 - 521*y + 2883. Determine g(-45).
3
Let a(s) = -3*s**3 + 98*s**2 + 168*s - 4383. Calculate a(33).
72
Let y(q) = 725*q - 622. Give y(1).
103
Let r(a) = -2*a**3 - 11*a**2 - 22*a - 107. Calculate r(-7).
194
Let h(s) = -5765*s**2 - 415081*s - 39. Give h(-72).
33
Let u(b) = 934*b**2 - 4725*b + 228. Calculate u(5).
-47
Let i(k) = 48*k**2 + 688*k + 246. Give i(-14).
22
Let n(d) = -3*d**2 + 13084*d + 91678. Give n(-7).
-57
Let s(b) = -b**3 + 11*b + 170. Determine s(8).
-254
Let w(g) = 2*g**2 + 138*g - 1520. Calculate w(-50).
-3420
Let f(j) = 39*j**2 + 13600*j - 31219. Determine f(-351).
20
Let h(z) = -11666*z + 221664. What is h(19)?
10
Let a(h) = 386*h - 22134. Determine a(62).
1798
Let v(i) = 28161*i + 3238520. What is v(-115)?
5
Let i(j) = -2449*j + 80506. Determine i(33).
-311
Let x(p) = 4*p**3 + 111*p**2 - 240*p - 8661. Calculate x(-27).
6
Let s(m) = 5*m**3 + 71*m**2 - 105*m - 664. What is s(-15)?
11
Let z(c) = 3*c**2 - 6360*c - 57478. Determine z(-9).
5
Let u(v) = -2*v**3 + 70*v**2 + 55*v + 576. What is u(36)?
-36
Let b(q) = 385494*q - 1541950. What is b(4)?
26
Let a(k) = -k**3 + 36*k**2 + 1066*k - 38446. Determine a(33).
-1
Let j(q) = 1978*q - 383710. Calculate j(194).
22
Let r(z) = -9*z**2 - 178*z - 903. Calculate r(-13).
-110
Let d(l) = -220*l + 4997. What is d(24)?
-283
Let c(u) = -19*u**2 - 2223*u + 12. What is c(-117)?
12
Let z(c) = -c**3 + 528*c**2 + 2102*c - 99. Calculate z(-4).
5
Let n(w) = 4*w**3 + 17*w**2 + 3*w - 177. What is n(-8)?
-1161
Let c(k) = 28*k**2 - 463*k + 936. Give c(14).
-58
Let t(b) = -914*b - 194692. Give t(-213).
-10
Let u(l) = 14*l**2 - 2229*l + 17394. Give u(151).
29
Let y(n) = -312018*n - 7800451. Give y(-25).
-1
Let u(s) = -7*s**2 - 264*s + 1356. Give u(5).
-139
Let r(c) = 33*c**2 - 1034*c - 340. What is r(32)?
364
Let t(r) = 5*r**3 + 38*r**2 + 13*r - 54. Determine t(-7).
2
Let y(r) = -6*r**3 + 453*r**2 - 7859*r + 69. Calculate y(27).
15
Let o(b) = b**3 - 169*b**2 + 1882*b + 98. Determine o(157).
-216
Let s(k) = -k**2 - 1733*k + 224346. Determine s(121).
12
Let w(i) = 7016*i + 21058. Give w(-3).
10
Let q(p) = -2*p**3 + 100*p**2 + 230*p - 1151. Give q(52).
-7
Let q(v) = -v**3 - 13*v**2 - 326*v - 3324. What is q(-11)?
20
Let j(d) = -131*d**3 - d**2 + 149*d + 151. Determine j(-1).
132
Let w(r) = -146*r + 993. What is w(4)?
409
Let c(w) = -1644*w + 75619. Calculate c(46).
-5
Let y(m) = 5*m**2 - 214*m + 824. Calculate y(0).
824
Let y(x) = -897*x - 14337. Give y(-16).
15
Let m(r) = 539*r - 78166. What is m(145)?
-11
Let c(i) = i**3 + 34*i**2 - 97*i + 2087. Give c(-38).
-3
Let r(o) = -o**3 - 20*o**2 - 7018*o + 121508. Determine r(16).
4
Let i(x) = 719*x - 480281. Determine i(668).
11
Let t(v) = -5*v**3 + 292*v**2 + 6394*v - 255. Calculate t(-17).
0
Let d(w) = -7726*w - 6048. Determine d(-1).
1678
Let g(n) = 5*n**2 + 313*n - 4382. Give g(15).
1438
Let d(a) = -2*a**3 + 261*a**2 - 124*a - 805. Determine d(130).
-25
Let m(b) = -10*b**3 + 69*b**2 + 35*b - 203. Calculate m(7).
-7
Let k(p) = -2*p**3 - 11*p**2 + 258*p + 330. Give k(-14).
50
Let h(t) = 2*t**2 + 212*t - 8717. Determine h(-138).
115
Let t(y) = y**2 + 103*y - 532451. Determine t(680).
-11
Let y(x) = -8*x**2 + 116*x - 339. Determine y(11).
-31
Let